{"id":841,"date":"2018-06-29T18:08:28","date_gmt":"2018-06-29T21:08:28","guid":{"rendered":"https:\/\/ifdccavero-lrj.infd.edu.ar\/sitio\/programa-nacional-de-politicas-estudiantiles\/"},"modified":"2022-11-12T20:16:29","modified_gmt":"2022-11-12T23:16:29","slug":"programa-nacional-de-politicas-estudiantiles","status":"publish","type":"page","link":"https:\/\/ifdccavero-lrj.infd.edu.ar\/sitio\/programa-nacional-de-politicas-estudiantiles\/","title":{"rendered":"Programa Nacional de Pol\u00edticas Estudiantiles"},"content":{"rendered":"<p class=\"western\" style=\"margin-bottom: 0.35cm; text-decoration: none; text-align: center;\"><span style=\"font-size: large;\"><strong><img decoding=\"async\" src=\"https:\/\/fbcdn-sphotos-b-a.akamaihd.net\/hphotos-ak-prn1\/541455_666404403390395_77934496_n.jpg\" height=\"400\" border=\"0\"><\/strong><\/span><\/p>\n<p class=\"western\" style=\"margin-bottom: 0.35cm; text-decoration: none; text-align: center;\"><span style=\"font-size: large;\"><strong>Pol\u00edticas estudiantiles<\/strong><\/span><\/p>\n<p style=\"margin-bottom: 0cm; background: #ffffff; line-height: 0.51cm;\"><span style=\"font-family: Times New Roman,serif;\"><span style=\"font-size: medium;\"><span style=\"font-family: Calibri,sans-serif;\"><span style=\"font-size: large;\">El INFD, a trav\u00e9s del Plan Nacional de Formaci\u00f3n Docente, define la puesta en marcha de Pol\u00edticas Estudiantiles, cuyas funciones son dise\u00f1ar, promover e implementar pol\u00edticas universales centradas en los estudiantes y desarrolladas conjuntamente con ellos.<\/span><\/span><\/span><\/span><\/p>\n<p style=\"margin-bottom: 0cm; background: #ffffff; line-height: 0.51cm;\">&nbsp;<\/p>\n<p style=\"margin-bottom: 0cm; background: #ffffff; line-height: 0.51cm;\"><span style=\"font-family: Times New Roman,serif;\"><span style=\"font-size: medium;\"><span style=\"font-family: Calibri,sans-serif;\"><span style=\"font-size: large;\">En el Instituto se ha organizado esta l\u00ednea de trabajo trav\u00e9s de un equipo de docentes que lleva adelante distintas acciones, con el desaf\u00edo de<\/span><\/span><strong><span style=\"font-family: Calibri,sans-serif;\"><span style=\"font-size: large;\"><span style=\"font-weight: normal;\"> p<\/span><\/span><\/span><\/strong><span style=\"font-family: Calibri,sans-serif;\"><span style=\"font-size: large;\">rofundizar la democratizaci\u00f3n de la gesti\u00f3n institucional, contribuir a la autonom\u00eda y a la integraci\u00f3n social cr\u00edtica de las\/los estudiantes y otorgar centralidad a las\/los estudiantes, brindando visibilidad a sus intervenciones.<\/span><\/span><\/span><\/span><\/p>\n<p style=\"margin-bottom: 0cm; background: #ffffff; line-height: 0.51cm;\">&nbsp;<\/p>\n<p style=\"margin-bottom: 0cm; background: #ffffff; line-height: 0.51cm;\"><span style=\"font-family: Times New Roman,serif;\"><span style=\"font-size: medium;\"><strong><span style=\"font-family: Calibri,sans-serif;\"><span style=\"font-size: large;\"><span style=\"font-weight: normal;\">A trav\u00e9s del Programa de Pol\u00edticas estudiantiles, se dise\u00f1an acciones que permitan:<\/span><\/span><\/span><\/strong><\/span><\/span><\/p>\n<p style=\"margin-bottom: 0cm; background: #ffffff; line-height: 0.51cm;\">&nbsp;<\/p>\n<ol>\n<li>\n<p style=\"margin-bottom: 0cm; background: #ffffff; line-height: 0.51cm;\"><span style=\"font-family: Times New Roman,serif;\"><span style=\"font-size: medium;\"><span style=\"font-family: Calibri,sans-serif;\"><span style=\"font-size: large;\">Contribuir al intercambio de experiencias y al debate de ideas.<\/span><\/span><\/span><\/span><\/p>\n<\/li>\n<li>\n<p style=\"margin-bottom: 0cm; background: #ffffff; line-height: 0.51cm;\"><span style=\"font-family: Times New Roman,serif;\"><span style=\"font-size: medium;\"><span style=\"font-family: Calibri,sans-serif;\"><span style=\"font-size: large;\">Participar junto a otros siendo protagonista de su formaci\u00f3n.<\/span><\/span><\/span><\/span><\/p>\n<\/li>\n<li>\n<p style=\"margin-bottom: 0cm; background: #ffffff; line-height: 0.51cm;\"><span style=\"font-family: Calibri,sans-serif;\"><span style=\"font-size: large;\">Generar acciones y experiencias colectivas.<\/span><\/span><\/p>\n<\/li>\n<li>\n<p style=\"margin-bottom: 0cm; background: #ffffff; line-height: 0.51cm;\"><span style=\"font-family: Calibri,sans-serif;\"><span style=\"font-size: large;\">Reflexionar sobre su condici\u00f3n de estudiante y ciudadano<\/span><\/span><\/p>\n<\/li>\n<\/ol>\n<p style=\"margin-bottom: 0cm; background: #ffffff; line-height: 0.51cm;\">&nbsp;<\/p>\n<p style=\"margin-bottom: 0cm; background: #ffffff; line-height: 0.51cm;\"><span style=\"font-family: Calibri,sans-serif;\"><span style=\"font-size: large;\">Esta iniciativa surge de la necesidad de favorecer la tarea que se desarrolla en los Institutos Superiores de Formaci\u00f3n Docente, brindando la posibilidad de fortalecer las trayectorias estudiantiles desde los diversos momentos formativos.<\/span><\/span><\/p>\n<p class=\"western\" style=\"margin-bottom: 0.35cm;\">\n","protected":false},"excerpt":{"rendered":"<p>Pol\u00edticas estudiantiles El INFD, a trav\u00e9s del Plan Nacional de Formaci\u00f3n Docente, define la puesta en marcha de Pol\u00edticas Estudiantiles, cuyas funciones son dise\u00f1ar, promover e implementar pol\u00edticas universales centradas en los estudiantes y desarrolladas conjuntamente con ellos. &nbsp; En el Instituto se ha organizado esta l\u00ednea de trabajo trav\u00e9s de un equipo de docentes &#8230; <a title=\"Programa Nacional de Pol\u00edticas Estudiantiles\" class=\"read-more\" href=\"https:\/\/ifdccavero-lrj.infd.edu.ar\/sitio\/programa-nacional-de-politicas-estudiantiles\/\" aria-label=\"More on Programa Nacional de Pol\u00edticas Estudiantiles\">[+]<\/a><\/p>\n","protected":false},"author":447,"featured_media":0,"parent":0,"menu_order":0,"comment_status":"closed","ping_status":"closed","template":"","meta":[],"acf":[],"_links":{"self":[{"href":"https:\/\/ifdccavero-lrj.infd.edu.ar\/sitio\/wp-json\/wp\/v2\/pages\/841"}],"collection":[{"href":"https:\/\/ifdccavero-lrj.infd.edu.ar\/sitio\/wp-json\/wp\/v2\/pages"}],"about":[{"href":"https:\/\/ifdccavero-lrj.infd.edu.ar\/sitio\/wp-json\/wp\/v2\/types\/page"}],"author":[{"embeddable":true,"href":"https:\/\/ifdccavero-lrj.infd.edu.ar\/sitio\/wp-json\/wp\/v2\/users\/447"}],"replies":[{"embeddable":true,"href":"https:\/\/ifdccavero-lrj.infd.edu.ar\/sitio\/wp-json\/wp\/v2\/comments?post=841"}],"version-history":[{"count":1,"href":"https:\/\/ifdccavero-lrj.infd.edu.ar\/sitio\/wp-json\/wp\/v2\/pages\/841\/revisions"}],"predecessor-version":[{"id":1170,"href":"https:\/\/ifdccavero-lrj.infd.edu.ar\/sitio\/wp-json\/wp\/v2\/pages\/841\/revisions\/1170"}],"wp:attachment":[{"href":"https:\/\/ifdccavero-lrj.infd.edu.ar\/sitio\/wp-json\/wp\/v2\/media?parent=841"}],"curies":[{"name":"wp","href":"https:\/\/api.w.org\/{rel}","templated":true}]}}